y 11.
9
Suppose 5*n - 2*n + 30 = 0. Let a = n + 19. Calculate the remainder when 2/((-2)/(-19)) + -3 is divided by a.
7
Let r(j) = j**3 + 10*j**2 - 10*j + 8. Let x be r(-11). Let d(c) = -13*c + 3. Calculate the remainder when d(x) is divided by (-34)/(-3) - (-2)/(-6).
9
Suppose f = -0*f + 15. Let p(g) = -6*g**3 + g - 2. Suppose 0*i + 2 = -i. What is the remainder when p(i) is divided by f?
14
Let r be (1 + -1)*(-5 - -4). Suppose 2*a + 2*b - 4 = 0, r = a - b - b - 2. Let n(q) = q**2 + 19*q + 64. Calculate the remainder when n(-15) is divided by a.
0
Suppose 3*n = -n + 92. Let k = 17 - 11. Calculate the remainder when n is divided by k.
5
Let c(w) = 5*w**2 - 10*w + 2. What is the remainder when 291 is divided by c(4)?
39
Let u(y) = y**2 + 2. Let t be u(-4). Let r(f) = 0*f + t + f + 19. Calculate the remainder when r(0) is divided by 13.
11
Let z be (1 - -1) + -1 + -2. Calculate the remainder when ((-57)/(-6))/(3/6) is divided by 4*z/(-2)*5.
9
Let f = -8 + 35. What is the remainder when f is divided by 5?
2
Suppose -49 - 6 = -5*i. Calculate the remainder when i is divided by 6.
5
Suppose 5*u + 5 = 0, -4*i + 3*i + 3*u = -116. Calculate the remainder when i is divided by 57.
56
Calculate the remainder when 31 is divided by 1/(-4) + (-116)/(-16).
3
Suppose -427 = -2*h - 27. Suppose 3*b = 7*b - h. Suppose -21 = -2*z + 2*q + 7, 2*q + 62 = 4*z. Calculate the remainder when b is divided by z.
16
Let d(r) = r**3 - 3*r**2 - 7*r + 4. Calculate the remainder when 74 is divided by d(5).
17
Calculate the remainder when 16 is divided by 20/6*(-45)/(-25).
4
Let w = -166 + 197. Calculate the remainder when 153 is divided by w.
29
Suppose -3*f + 2*y = -84, f - 5*f + 112 = -3*y. What is the remainder when 165 is divided by f?
25
Suppose -4*q + 88 = -8*q. Let p = -9 - q. Let c = -7 + 56. Calculate the remainder when c is divided by p.
10
Let b(p) = 4*p**3 - 7*p**2 + 7*p. Calculate the remainder when 129 is divided by b(3).
63
Let v(n) = -n**3 - 3*n**2 + 3*n - 4. Let t be v(-4). Suppose 5*d + 4*p = 52, d + 1 = -t*d + 3*p. Calculate the remainder when 30 is divided by d.
6
Let c be (-3)/(-3) - (1 - 2). Suppose 2*s = c*z + 64, 0 = -4*s + 3*s - 4*z + 7. Calculate the remainder when s is divided by 14.
13
Let m = -23 + 19. Let x(p) = -p - 3. Calculate the remainder when 3 is divided by x(m).
0
Let u = 27 - 17. What is the remainder when 17 is divided by u?
7
Let g = 11 + 5. Calculate the remainder when (1 + (-13)/(-2))*4 is divided by g.
14
Suppose -6*u = -u - 2*h + 19, 0 = 5*u + 3*h + 9. Suppose 5*z - z - 84 = 0. Calculate the remainder when z is divided by (u - -5)*4 + 3.
10
Let s = 22 - 9. Calculate the remainder when 36 is divided by s.
10
What is the remainder when 34 is divided by (8/5)/((-248)/(-60) + -4)?
10
Suppose -93 - 276 = 3*r. Let d be (-2)/((-1)/(r/(-6))). Suppose 3*h = g - 37, g - d = -0*g - h. What is the remainder when g is divided by 14?
12
Suppose 12 = 2*x - 154. Let r = -39 + x. Calculate the remainder when r is divided by 15.
14
Let o(s) = s + 27. Calculate the remainder when o(9) is divided by 10.
6
Suppose -28 = -3*x - 4. What is the remainder when x is divided by -2 + (-1 - -6) + 0?
2
Suppose 3*b = 2*b + 14. Let a(w) = w**2 + 4*w - 2. Let p(l) = -l**2 - 2*l + 1. Let y(k) = -3*a(k) - 7*p(k). Calculate the remainder when y(3) is divided by b.
13
Let u = -47 - -105. Calculate the remainder when 172 is divided by u.
56
Let n = 9 + -6. Let r = 27 + 3. Suppose -n*x = -5*q + 85, 5*x + 37 = 3*q - r. What is the remainder when 39 is divided by q?
11
Let h(g) be the second derivative of -2*g**3/3 + 2*g. Let c be h(6). Let n = c + 41. Calculate the remainder when n is divided by 6.
5
Calculate the remainder when (-1)/((-12)/(-285))*-4 is divided by 24.
23
Suppose 3*m - 2*d - 46 = -d, -d = -2. Calculate the remainder when m is divided by 6.
4
Let c(g) = -g**3 + 3*g**2 + 5*g + 3. Let w be c(4). Suppose -14 = -3*y + w. What is the remainder when 20 is divided by y?
6
Let w = -13 - -41. Let f(c) = 6*c - 32. What is the remainder when w is divided by f(7)?
8
Let i(y) = -y**2 + 7*y - 4. Calculate the remainder when 19 is divided by i(3).
3
Suppose 0 = 4*g - 2*m, 0*g + 4*g - 3*m + 4 = 0. Suppose 2*c - 34 - 26 = 0. Suppose -8 = g*x - c. What is the remainder when 21 is divided by x?
10
Let p be 2/(54/(-50) + 1). Calculate the remainder when 25 is divided by p/(-2) + 4/8.
12
Suppose 0 = 4*t + 2 + 10. Let r = t - -54. What is the remainder when r is divided by 13?
12
Let d = -16 - -23. Let b(v) = 6*v + 7. Calculate the remainder when b(d) is divided by 13.
10
Let j(s) = s**2 - s + 4. Let h be j(4). Let x = h - 13. Calculate the remainder when 8 is divided by x.
2
Let b(x) = x**2 - 2. Let i be b(-2). Suppose -4*f = -5*f - 3*k + 23, 0 = i*f - 3*k - 10. Calculate the remainder when f is divided by 4.
3
Suppose 0 = -4*b - 16, -287 - 45 = -5*n + 3*b. Calculate the remainder when n is divided by 23.
18
Let c be 2/(-3)*(-78)/2. Suppose 4*l + c = x + 2*x, 4*x - 60 = -l. Calculate the remainder when 25 is divided by x.
11
Calculate the remainder when 0 - (42/5)/((-7)/105) is divided by 43.
40
Let s be ((-14)/6)/(1/(-3)). Suppose s*r - 20 = 2*r. Suppose 0 = -r*q - q + 20. Calculate the remainder when 6 is divided by q.
2
Let k(b) = 4*b - 2. Let o = 3 + -3. Let j be 2 - (o/3)/(-2). Calculate the remainder when k(j) is divided by 3.
0
Suppose -3*w + 10 = 2*w. Let q = 2 - 3. Let t(o) = 2*o**2 - o - 1. What is the remainder when t(q) is divided by w?
0
Suppose 4*x + 154 = 6*x - u, x = -4*u + 59. Suppose 5*b - 76 = b. What is the remainder when x is divided by b?
18
Suppose 4*f - 103 = 1. Let p = 86 + -52. Suppose -4*j + f = -p. What is the remainder when j is divided by 8?
7
Let l(y) = -y + 16. Let m(f) = -f**3 + 4*f**2 + 4*f - 3. Calculate the remainder when m(4) is divided by l(11).
3
Let d = -4 - 0. Let b be (d/6)/(2/(-21)). Let q(r) = r**3 - 5*r**2 - 5*r + 1. What is the remainder when q(b) is divided by 22?
20
Suppose 4*s + 15 = 75. What is the remainder when 26 is divided by s?
11
Let b(s) = -s + 17. Suppose 9 = -4*n + 61. What is the remainder when -1*7/2*-2 is divided by b(n)?
3
Let y = 18 - 11. Suppose -2*h = 2*s, -s - 13 - 5 = -5*h. Calculate the remainder when (-3)/h - (-14 + 0) is divided by y.
6
Suppose -4*d = -9*d + 55. Calculate the remainder when 145/d + (-2)/11 is divided by 7.
6
Suppose -73 - 202 = -11*u. What is the remainder when 122 is divided by u?
22
Let t = 18 + -14. Calculate the remainder when 13 is divided by t.
1
Suppose 2*w - w = 22. Suppose w = y - 24. Calculate the remainder when y is divided by 16.
14
Let s = -2 + -4. What is the remainder when 17 is divided by ((-63)/28)/(s/16)?
5
Let x(m) = m - 6. Let n be x(6). Suppose n*u - 3*u = -12. Suppose 20 = 5*b, s = 8*b - u*b. Calculate the remainder when s is divided by 6.
4
Let r be 0 + -4 - (1 - -1). Let m = 27 - r. What is the remainder when m + (-3)/6*2 is divided by 11?
10
Let h(n) = n + 10. Let c be h(-7). Suppose i = -c*i + 48. Let f = -24 - -59. What is the remainder when f is divided by i?
11
What is the remainder when (-6)/36 + (-91)/(-6) is divided by 5?
0
Suppose d = 2*t - 31, 2*t + 4*d - 61 = -d. Calculate the remainder when t is divided by ((-50)/(-5))/(2 + 1 - 2).
8
Suppose 0 = -0*o - o - 16. Let h = -10 - o. Suppose -w + h*w - 30 = 0. Calculate the remainder when 10 is divided by w.
4
Suppose 0 = 4*f - 66 - 330. Suppose -5*w + f - 39 = 0. What is the remainder when 34 is divided by w?
10
Let h = -33 - -40. Calculate the remainder when 19 is divided by h.
5
Let y be 6/10 - (-628)/20. Suppose -4*t + 6 = -t. Suppose -s = -5*a - 28, 4*s - t*a = s + y. Calculate the remainder when 15 is divided by s.
7
Let n(m) = m**3 - 3*m**2 - 7*m - 1. Let v(r) = -r**2 - 8*r - 2. Let p be v(-7). Let k be n(p). Let x = 32 - k. Calculate the remainder when x is divided by 10.
8
Let d(q) = -q**3 + 6*q**2 - 2*q - 3. Suppose 3*j - 25 = -2*w, 4*w = -5*j + w + 40. Calculate the remainder when d(3) is divided by j.
3
Let c = 157 + -147. Calculate the remainder when 27 is divided by c.
7
Let m be 6*(15/9 + -2). Let p = m + 17. Suppose -220 = -8*j + 3*j. What is the remainder when j is divided by p?
14
What is the remainder when (14/(-8) + 0)/(18/(-504)) is divided by 10?
9
Suppose -4*h + 9 = -h. Suppose l + 6*b